= 6*v**3 - 5*v**2 - 16*v + 11. Suppose 7*a + 16*a - 138 = 0. What is the hundreds digit of r(a)?
0
Suppose 103*j - 12128 = 101*j. What is the hundreds digit of j?
0
Let k(f) = -3*f - 27. Let g(l) = 27*l + 10. Let u be g(-1). What is the tens digit of k(u)?
2
Suppose -6*y + y - 270 = 0. Let s(n) = n**3 - 19*n**2 - 20*n. Let m be s(20). Let a = m - y. What is the units digit of a?
4
Let o(l) be the third derivative of -l**5/60 - 31*l**4/24 - l**3 - 3*l**2 - 3. What is the tens digit of o(-30)?
2
Suppose 6*m = -1990 - 914. Let x = -117 - m. What is the hundreds digit of x?
3
Suppose -13*x + 23846 + 1855 = 0. What is the units digit of x?
7
Let d = 3084 + -788. What is the hundreds digit of d?
2
Let k = 69 + 5. Suppose -187 - 198 = -5*f - 5*q, -2*q - k = -f. Let l = f + -11. What is the units digit of l?
5
Suppose -21 = -x + 3*t - 3, 0 = -2*t - 10. Let o be (1 - (x + -9)) + 4/(-2). Suppose 0 = -v + o*v - 88. What is the units digit of v?
2
What is the ten thousands digit of (45861/(-3))/(10 + -20 + 9)?
1
Let a = -222 - -242. What is the units digit of ((-1)/(-8)*4)/(2/a)?
5
Let h(v) = -19*v + 135. Let f be h(7). Suppose 4368 = 3*x + 3*q, -4282 = 5*x + f*q - 11568. What is the tens digit of x?
5
Let q(g) = 3*g - 2. Let k be q(1). Let v be k*-11 + (-8 - -9). Let s(y) = 2*y**2 + 16*y + 2. What is the units digit of s(v)?
2
Let f(s) = 86*s**3 - 2*s**2 + 64*s - 201. What is the ten thousands digit of f(7)?
2
Suppose 40*o = 12*o - 10044 + 75564. What is the units digit of o?
0
What is the tens digit of (-8 + 2 - 64055712/(-1302)) + 4/62?
9
Suppose 400*a = 402*a + 5*s - 14600, 2*a + 2*s - 14606 = 0. What is the thousands digit of a?
7
Suppose 812*b - 842*b + 36600 = 0. What is the hundreds digit of b?
2
Let k = 220 + -216. Suppose -7*r + k*r = -z + 20, 4*z = -2*r + 94. What is the units digit of z?
3
Suppose -266*l = -272*l + 24. Suppose -4*u + d = -2204, -l*d = -u - 2*d + 544. What is the hundreds digit of u?
5
Suppose -8*t + 101513 - 68809 = -356464. What is the units digit of t?
6
Let z(v) = 437*v - 8622. What is the units digit of z(50)?
8
Suppose -3*w = -0*w - q + 2066, 4*w - q = -2755. Let h = w + 1087. What is the units digit of h?
8
What is the thousands digit of 2/(-51) + 3490570432/38352?
1
Let v(d) = -5*d + 555. Let l be v(108). Suppose -19 - 6 = 5*i, -5*q = 3*i + 65. What is the tens digit of (q/l + 1)*231?
7
Suppose 2*g - g = -4*j + 6, -2*j - 5*g - 6 = 0. Let i(d) = 72*d**3 - 5*d**2 + 5*d - 2. What is the hundreds digit of i(j)?
5
Suppose 0*v + 252 = 7*v. Suppose -c = 3*q - 41, 0*c - 5*c + v = 2*q. What is the units digit of 4/(-26) + 3486/q + -2?
6
Let u = -443 - -443. What is the tens digit of u + 424 - (-16)/(80/15)?
2
Let v(q) = -8 + 30 + 26 + 0 + 61*q + 5. What is the hundreds digit of v(15)?
9
Suppose 30*f - 64820 + 650 = 0. What is the thousands digit of f?
2
Let f be (3 - (-4 - -4)) + 2. Suppose 5*v = -5*k + 75 + f, -16 = -k + 3*v. Let b = 157 - k. What is the hundreds digit of b?
1
Suppose -148 + 100 = 3*m. Let q be (-28 - -2)*152/m. Suppose q = y + 2. What is the tens digit of y?
4
Suppose 2*l + 2*f - 10 = 0, 5*f + 5 = -2*l + 3. Suppose -l*t = -2*t - 3563. What is the units digit of t?
9
Let b(g) be the first derivative of -575*g**4/4 + 2*g**3/3 + g**2 - 1. Let s be b(-1). Suppose -h = -6*h + s. What is the tens digit of h?
1
Let y be (-13 - -2 - -8)/(3*1). Let v(b) = -698*b**3 - b**2 + 2. What is the units digit of v(y)?
9
Let j(s) = -385*s - 4821. What is the ten thousands digit of j(-111)?
3
Suppose 3*n - 5*x = 2099, 0 = -n - 0*x + 4*x + 688. Suppose -8*z + 6180 = n. Suppose 0 = -21*h + z + 366. What is the units digit of h?
0
Suppose -4*m - 3*s + 897 = 0, -m - 4*s + s + 222 = 0. Let i(b) = b**3 + b**2 - b + 5. Let w be i(0). What is the hundreds digit of ((100/6)/w)/(5/m)?
1
Let h be (0 - 2) + (-4)/(4/219). Let i = h + 601. What is the units digit of i?
0
Let a be (-2 + 2)/(4 + -1). Suppose a*w = 11*w - 1727. What is the units digit of w?
7
Let v be (-30)/195 - (-526894)/26. Suppose 97*t = 76*t + v. What is the units digit of t?
5
Let f(t) be the third derivative of 23*t**4/24 - 79*t**3/3 + 2*t**2 - 6*t. What is the units digit of f(10)?
2
Let i = -70 + 70. Suppose i = 3*c - 215 + 59. Suppose 12*y = 1580 + c. What is the units digit of y?
6
Suppose -670*k = -667*k + 1245. Let w = 52 - k. What is the tens digit of w?
6
Suppose 4*q + 3*w - 4384 = 0, 1317 = 3*q + 2*w - 1970. Let c = q + -775. What is the tens digit of c?
1
Suppose 15*l + 4164 = -1446. Let u = l - -600. What is the units digit of u?
6
Suppose -696 - 72 = -4*h. What is the units digit of (-16)/h + 5450/24?
7
Let w = 1995 - 956. Suppose -4*p = -4*i + 2036, w = 2*i + 3*p + 2*p. What is the hundreds digit of i?
5
Suppose 12417 + 31524 = h - 2*g, -2*h - 5*g + 87855 = 0. What is the thousands digit of h?
3
Suppose 4*x + 16 = 2*v, 4*x - 8*x + 26 = 5*v. Suppose -7*m - v = -20. Suppose 3*u - 727 = -5*j, 4*j - 2*u - m*u - 556 = 0. What is the units digit of j?
3
Let d(o) = 15*o**2 - 297*o + 24. What is the tens digit of d(23)?
2
Suppose -5*j - 4*g = -1332, 0 = -g - 7 - 0. What is the units digit of j?
2
What is the hundreds digit of -2*(24476/(-290))/((-1578)/(-1570) + -1)?
1
Let y(c) = 4*c**3 - 11*c**2 + 75*c - 924. What is the tens digit of y(14)?
4
Let z(v) = -6*v**3 + 2*v**2 + 5*v - 5. Suppose -2*o = 3*f + 23, -3*f - o = -5*f - 6. Let x be z(f). Suppose -3*y = -8*y + x. What is the hundreds digit of y?
1
What is the thousands digit of -7 - (-125929 - -1)/11?
1
Suppose 3 = -3*x, 0 = -3*b - 0*x + 4*x + 2227. Suppose 748*q - 4711 = b*q. What is the tens digit of q?
7
Suppose 2*y + 183 = -3*m, 4*y = -3*m - 156 - 213. Let a = 191 + y. What is the units digit of a?
8
Suppose -s = 2*x - x - 21, -4*x = 3*s - 86. Let r = -18 + x. Suppose 3*y - 323 = -5*p, -r*p - 4*y = -418 + 99. What is the tens digit of p?
6
Let v(u) = 17*u - 54 + 18 - 3*u - 36. What is the units digit of v(22)?
6
Let t(q) be the third derivative of -q**6/120 + 9*q**5/20 - 7*q**4/6 - 19*q**3/3 + 6*q**2 - 4*q. What is the units digit of t(25)?
2
Let k(b) = -29*b**3 - b**2 - 2*b - 9. What is the units digit of k(-6)?
1
Let g = 42 - 40. Let o(d) = 17*d**3 + d**2 + 2*d. Let t be o(g). Let y = 297 - t. What is the units digit of y?
3
Let h(r) be the second derivative of -17/6*r**3 + 31/2*r**2 - 1/12*r**4 + 0 - 7*r. What is the units digit of h(-15)?
1
Suppose -238*q + 2633222 = -144*q. What is the hundreds digit of q?
0
Let w = 564 - 508. Let p = 1616 - w. What is the thousands digit of p?
1
Let q = -10511 - -19825. What is the thousands digit of q?
9
Suppose 45 + 282 = -3*s. Let v = 368 + s. Suppose 2*x - v = 29. What is the hundreds digit of x?
1
Suppose 4*t - 28 + 5 = -y, 0 = t - 3. Let r(a) = a**3 - 9*a**2 + 12*a + 24. What is the hundreds digit of r(y)?
3
Suppose -10*o + 370 = 110. Let j = 27 - o. Let z(m) = 206*m**2 - 5*m + 4. What is the units digit of z(j)?
5
Suppose -11*i - 232 = -188. Suppose 3*v + 3 = -0*v. What is the units digit of (-16)/i*v + 33?
9
Let z(n) = -32 - 20 + 0*n - n + 2*n + 80. Suppose 0 = -c - c - 26. What is the units digit of z(c)?
5
Let w = -117 + 80. Let h = -27 - w. Suppose h*b = 6*b + 168. What is the tens digit of b?
4
Suppose 13867612 = 72*q + 405*q - 7707575. What is the hundreds digit of q?
2
Suppose 3*c - 3*u + 30 = 0, -2*c + 3*c + 14 = 5*u. What is the units digit of c/(8/(-824) + 0)?
7
Let t be -4 + (6/5)/((-66)/1540). What is the tens digit of 924/(-10)*240/t?
9
Let l be (5/(-10))/((-1)/(-10)). Let u be 2/(-20)*l*4. What is the units digit of (-7176)/(-28) + (u/(-7) - 0)?
6
Let c = 18345 - 10939. What is the hundreds digit of c?
4
Let z(u) = u**2 + 3*u + 6. Let k be z(-4). Suppose k*t = 11*t - 18. Let n = 95 - t. What is the units digit of n?
7
What is the thousands digit of (2/8 + 2511/1860)/(1/1385)?
2
What is the hundreds digit of (-4)/(-10) + (-88)/20 - (-8015 - -61)?
9
What is the hundreds digit of (81741/(-165) - 8)/(1/(-80))?
2
Let l = -14403 - -20896. What is the units digit of l?
3
Suppose 2 = 5*l - 4*l + 2*s, 3*s = 3*l + 3. Suppose k + 5*q = 6*q, l = -4*k + q. Suppose k = -v + g + 230, 4*v + g + 2*g - 885 = 0. What is the tens digit of v?
2
Suppose -5*i - 5*w + 140330 = 0, 7*w - 12*w + 168397 = 6*i. What is the tens digit of i?
6
Let p be (-4 - (44808/(-4))/3)/2